6 and 112.
14
What is the highest common divisor of 228 and 29868?
228
Calculate the highest common factor of 209 and 33.
11
What is the highest common factor of 260 and 2210?
130
Calculate the highest common factor of 4 and 92.
4
Calculate the greatest common divisor of 464 and 144.
16
Calculate the highest common divisor of 86 and 8.
2
Calculate the greatest common factor of 2 and 348.
2
Calculate the greatest common factor of 626 and 9077.
313
Calculate the highest common factor of 136 and 629.
17
What is the greatest common factor of 352 and 736?
32
Calculate the greatest common divisor of 49 and 3.
1
Calculate the greatest common factor of 384 and 228.
12
What is the highest common factor of 546 and 26?
26
What is the greatest common divisor of 98 and 56?
14
Calculate the greatest common factor of 110 and 88.
22
What is the highest common divisor of 4540 and 8?
4
What is the greatest common divisor of 40 and 580?
20
Calculate the greatest common divisor of 495 and 135.
45
Calculate the greatest common divisor of 1900 and 100.
100
What is the greatest common factor of 138 and 1014?
6
What is the greatest common factor of 3536 and 65?
13
Calculate the highest common factor of 80 and 340.
20
Calculate the greatest common factor of 670 and 230.
10
What is the greatest common factor of 187 and 44?
11
What is the greatest common divisor of 560 and 70?
70
Calculate the greatest common divisor of 4 and 492.
4
Calculate the highest common factor of 520 and 40.
40
What is the greatest common factor of 754 and 26?
26
What is the highest common divisor of 34 and 3723?
17
Calculate the highest common factor of 5120 and 40.
40
What is the highest common factor of 13 and 20189?
13
What is the greatest common divisor of 42 and 1351?
7
What is the greatest common factor of 143 and 11?
11
What is the greatest common divisor of 39 and 754?
13
What is the highest common divisor of 209 and 22?
11
Calculate the greatest common factor of 46648 and 136.
136
Calculate the highest common factor of 29538 and 18.
18
Calculate the highest common divisor of 45 and 20.
5
Calculate the greatest common factor of 3772 and 164.
164
What is the highest common factor of 222 and 6?
6
Calculate the highest common divisor of 218 and 2.
2
What is the highest common divisor of 1131 and 174?
87
What is the greatest common factor of 31 and 589?
31
Calculate the greatest common factor of 42 and 174.
6
What is the greatest common factor of 60 and 2560?
20
What is the highest common factor of 3852 and 16?
4
Calculate the highest common factor of 156 and 192.
12
Calculate the highest common factor of 27 and 9.
9
Calculate the greatest common factor of 1 and 127.
1
Calculate the highest common factor of 2097 and 27.
9
What is the greatest common factor of 120 and 130?
10
What is the highest common divisor of 40 and 8?
8
What is the highest common factor of 246 and 372?
6
Calculate the greatest common divisor of 279 and 1767.
93
Calculate the highest common factor of 791 and 7.
7
What is the highest common divisor of 14860 and 40?
20
What is the highest common factor of 12 and 36?
12
What is the highest common divisor of 4 and 12?
4
What is the greatest common divisor of 175 and 7?
7
What is the greatest common divisor of 1600 and 5000?
200
What is the greatest common divisor of 17936 and 118?
118
What is the highest common divisor of 18 and 6201?
9
Calculate the highest common divisor of 64 and 412.
4
Calculate the greatest common divisor of 496 and 2356.
124
Calculate the highest common divisor of 28 and 32.
4
What is the greatest common divisor of 16 and 64?
16
What is the highest common divisor of 132 and 84?
12
Calculate the greatest common factor of 336 and 504.
168
What is the highest common divisor of 245 and 2135?
35
What is the highest common factor of 365 and 85?
5
What is the greatest common divisor of 101 and 1?
1
Calculate the highest common divisor of 14587 and 58.
29
What is the highest common divisor of 1780 and 20?
20
Calculate the highest common factor of 66 and 4686.
66
What is the highest common factor of 3150 and 250?
50
What is the greatest common divisor of 740 and 20?
20
Calculate the highest common factor of 66 and 22.
22
What is the greatest common divisor of 68 and 22406?
34
What is the greatest common factor of 240 and 768?
48
Calculate the greatest common divisor of 12910 and 10.
10
What is the highest common divisor of 12245 and 79?
79
Calculate the highest common factor of 704 and 44.
44
Calculate the highest common factor of 28 and 76.
4
Calculate the greatest common divisor of 4190 and 2.
2
Calculate the highest common factor of 1512 and 192.
24
Calculate the highest common divisor of 297 and 121.
11
Calculate the greatest common divisor of 240 and 272.
16
What is the highest common divisor of 117 and 2769?
39
What is the highest common divisor of 324 and 8?
4
What is the greatest common divisor of 1012 and 1892?
44
Calculate the highest common factor of 30 and 25800.
30
What is the greatest common divisor of 21 and 3787?
7
Calculate the greatest common factor of 18703 and 59.
59
What is the highest common factor of 142 and 1065?
71
What is the highest common factor of 44703 and 9?
9
What is the greatest common divisor of 372 and 20?
4
Calculate the highest common factor of 182 and 104.
26
What is the greatest common factor of 253 and 230?
23
What is the highest common divisor of 18 and 12393?
9
What is the highest common factor of 156 and 1053?
39
Calculate the greatest common divisor of 238 and 350.
14
What is the greatest common factor of 793 and 39?
13
Calculate the highest common divisor of 4186 and 1610.
322
Calculate the greatest common divisor of 60 and 12192.
12
Calculate the highest common factor of 21625 and 125.
125
What is the highest common factor of 245 and 1750?
35
What is the greatest common factor of 1311 and 483?
69
What is the highest common divisor of 469 and 737?
67
Calculate the highest common factor of 495 and 110.
55
What is the highest common factor of 6344 and 104?
104
Calculate the greatest common factor of 395 and 79.
79
What is the highest common factor of 253 and 69?
23
What is the highest common factor of 11 and 1276?
11
Calculate the highest common factor of 82 and 328.
82
What is the highest common divisor of 140 and 200?
20
Calculate the highest common factor of 5964 and 6.
6
Calculate the greatest common factor of 81 and 459.
27
What is the highest common factor of 464 and 18792?
232
Calculate the highest common factor of 3920 and 35.
35
Calculate the highest common divisor of 9 and 9588.
3
What is the greatest common divisor of 3408 and 216?
24
Calculate the highest common factor of 259 and 3811.
37
Calculate the greatest common divisor of 99 and 66.
33
What is the highest common factor of 100 and 75?
25
What is the highest common factor of 1898 and 78?
26
Calculate the highest common divisor of 16 and 26.
2
What is the greatest common divisor of 1025 and 123?
41
Calculate the highest common divisor of 11 and 1529.
11
What is the greatest common divisor of 756 and 1036?
28
Calculate the highest common factor of 474 and 10.
2
Calculate the highest common factor of 37 and 333.
37
Calculate the greatest common factor of 195 and 2028.
39
What is the highest common factor of 18537 and 167?
167
What is the greatest common divisor of 29 and 145?
29
What is the highest common divisor of 70 and 28?
14
Calculate the greatest common divisor of 182 and 12064.
26
What is the greatest common divisor of 782 and 34?
34
Calculate the highest common factor of 44561 and 22.
11
What is the highest common divisor of 14952 and 216?
24
What is the greatest common divisor of 192 and 64?
64
What is the greatest common divisor of 13 and 1313?
13
Calculate the greatest common factor of 5 and 5.
5
What is the greatest common divisor of 426 and 24?
6
What is the greatest common factor of 2040 and 270?
30
What is the highest common divisor of 996 and 48?
12
What is the greatest common factor of 1717 and 51?
17
Calculate the greatest common divisor of 22 and 674.
2
Calculate the highest common factor of 1548 and 2752.
172
Calculate the greatest common divisor of 19803 and 69.
69
Calculate the greatest common factor of 8736 and 1560.
312
Calcul